s the tens digit of n?
1
Let b(m) = -m + 1. Let x be b(0). Let h be 4 + (x - (-6)/(-3)). What is the units digit of -2 + h/(9/12)?
2
Suppose -2*a = a - 15. Let v be ((-6)/15 - -1) + 60/25. Suppose -a*q + z = -34, 2*q - 8 - 3 = v*z. What is the units digit of q?
7
Let w = 1 + 15. Suppose k = -0*k + w. What is the units digit of k?
6
Suppose 0 = 5*m - 2*a - 1589, 3*m + 5*a = -207 + 1179. What is the tens digit of m?
1
Let x be 3/(-6) - 5/(-2). Suppose x*s - 12 = 22. What is the tens digit of s?
1
Suppose -6 = 5*c + 19. Let i be (56/6)/((-10)/(-15)). Let q = i + c. What is the units digit of q?
9
Suppose 0 = -4*h - 11 - 81. Let z = h + 11. What is the units digit of (1 - 5)*21/z?
7
Let i(u) = u**3 + 10*u**2 - 2*u + 3. Let s be i(-10). Let r = -9 + s. Let q = r - 7. What is the units digit of q?
7
Suppose -1 = -i, -6*t - 12 = -2*t - 4*i. Let q(y) = -y + 2. Let w be q(t). Suppose -5*l = -w*l - 8. What is the units digit of l?
8
Let x be (333/3)/(-3) + -2. Let y = -24 - x. What is the units digit of y?
5
Let i(r) = -2*r - 1. Let m be i(-4). Let d = 12 - m. Let j = 3 + d. What is the units digit of j?
8
Let v = 9 - 5. Suppose 3*f + m - 3 = -2, -f - 4*m + v = 0. Suppose 0 = 2*g + 2*p, 4*g + 3*p - 2 = -f*p. What is the units digit of g?
2
Let s(j) = 5*j**2 + 4*j + 6. Let w be s(-3). Let y = -22 + w. What is the units digit of y?
7
Suppose -5*a + 12 = -a. Suppose -3*o + 70 = l, a*o - 289 = -l - 3*l. Suppose -h = -5*h + 5*b + l, -2*b = 2*h - 14. What is the tens digit of h?
1
Suppose 5*g = 5*z + 15, 0*z = 3*g - 2*z - 9. Let r(s) = s**3 - s**2 - 4*s. What is the units digit of r(g)?
6
Let u(q) = 2*q - 9. Let p be u(7). Suppose 2*i - p*a = -i - 11, 15 = i + 3*a. What is the units digit of i?
3
Let a(x) = x**3 + 4*x**2 + x. Let z be a(-4). What is the tens digit of (-1356)/(-27) + z/18?
5
Let g be (-3)/(((-8)/(-4))/(-2)). Suppose -7*p = -g*p - 76. What is the units digit of p?
9
Let u = -67 - -97. What is the units digit of u?
0
Suppose 1104 = 13*h - 10*h. What is the hundreds digit of h?
3
Let c = 2 - -9. Suppose -c - 73 = -4*b. What is the tens digit of b?
2
Suppose 420 = -3*k + 5*k. What is the hundreds digit of k?
2
Let f be ((-2 - -1) + 0)/1. What is the units digit of f - 2*(-9)/6?
2
Suppose 0 = -4*o + o + 45. What is the units digit of 228/o + (-2)/10?
5
Suppose -10*t = -3*t - 28. What is the units digit of t?
4
Let x(l) = l**2 + 3*l + 4. Let j be x(3). Suppose -j = -4*m + 6. What is the units digit of m?
7
Suppose 8*y = 4*y + 116. Let g = 58 - y. What is the units digit of g?
9
Let c(z) = -5*z + 9. Let p be c(7). Let y = p + 48. What is the units digit of y?
2
Suppose 5*t - t = -b + 869, -t = 3*b - 209. What is the hundreds digit of t?
2
Let q = 55 + 121. What is the hundreds digit of q?
1
Let z(y) = y**2 + 4*y - 2. Let q be z(-4). Let o be 44/(-2*(q - -1)). Let u = -7 + o. What is the tens digit of u?
1
Let c(m) = m. Let f be c(4). Let v = 7 - f. What is the units digit of v?
3
Let c(t) = 5*t**2 + 5*t + 7. What is the units digit of c(-5)?
7
Let b = 37 - 26. Suppose -9 - b = -5*t. What is the units digit of t?
4
Suppose -200 = -127*p + 125*p. What is the tens digit of p?
0
Suppose 78 = 4*o - 2*o. Let u = o - 13. Suppose 2*n - 5*r = 7, -5*r - 3 - u = -4*n. What is the units digit of n?
1
Suppose 3*k - 2*k - 119 = 0. What is the tens digit of (-1*3)/((-21)/k)?
1
Let j be (22 - 0)*(-1)/(-1). Let y = 3 - 1. Suppose 4 = -y*f + j. What is the units digit of f?
9
Let a = -14 + 17. What is the tens digit of 13 + (-2)/((-3)/a)?
1
Suppose -5*i - 5*g + 5 = 0, 5*i - 3*g = -g + 12. Suppose -20 = -7*z + i*z. What is the units digit of z?
4
What is the units digit of (26/(-8))/((-1)/4)?
3
What is the tens digit of (-74)/3*(-18)/12?
3
Let s = -8 + -48. Let y = 93 + s. What is the tens digit of y?
3
Let f(x) = 3*x - 4. Let z be f(-2). Let l = -1 - z. What is the units digit of l?
9
Let d(s) be the second derivative of 7*s**3/6 + s**2/2 + 4*s. What is the tens digit of d(2)?
1
Let p = 165 - 51. What is the tens digit of p?
1
Suppose 2*o - 50 = -o - s, 0 = -3*o - 4*s + 56. What is the units digit of o?
6
Let n be 17 - (3 + 1 + -3). Suppose n = 4*t - 12. What is the units digit of t?
7
Let h = 11 - -11. What is the tens digit of h?
2
Suppose -8 = -r - 0*r - 4*f, 2*r = 4*f + 16. What is the units digit of r?
8
Let i = 0 + 9. What is the units digit of i/(3/2 + 0)?
6
Let f be 0/(2 + 3 + -3). Suppose l + 3 = -f. What is the tens digit of 3/(l/(-1)) + 14?
1
Suppose -f - 114 = -5*q + 3*f, -5*f - 71 = -3*q. Suppose -q = -2*p + 6. What is the units digit of p?
4
Let h(a) = -a**3 - 6*a**2 - 6*a + 1. Let i be 3*(30/9)/(-2). What is the units digit of h(i)?
6
What is the units digit of 3*1 - 0/5?
3
Suppose -2*o - 3*v = -25, v + 2 = -v. What is the units digit of o/8*(-12)/(-3)?
7
Suppose 0 = -0*f - 3*f. Suppose f = -4*j + 4*w + 21 - 5, 0 = 5*j + 3*w - 12. Let i = j - 1. What is the units digit of i?
2
Suppose 2*v + 8 = 0, 0*v = -3*a - 5*v + 16. Let m be (8/a)/(2/54). Let x = 25 - m. What is the units digit of x?
7
Suppose -3*d + 2*d = g - 7, 3*d = -4*g + 29. What is the units digit of (-2)/g - 10/(-8)?
1
Suppose 0 = 3*f - s - 1, -4*f + 2*s = 4*s + 2. Suppose -4*k + f*b - 3*b + 30 = 0, 3*b + 6 = 2*k. What is the units digit of k?
6
Suppose -5*v = -q + 10, 48 = q + 2*q + 3*v. Let c = q + -14. What is the units digit of c?
1
Let y(l) = l + 1. Let o be y(4). Suppose 0 = -d + v - 3 + o, 8 = 4*d - 5*v. Let j = d + 7. What is the units digit of j?
9
Let n = 190 - 38. What is the tens digit of n?
5
Suppose -42 = 2*j - 3*j + 4*x, 2*j - 2*x - 108 = 0. Suppose -43 = -3*z - 3*v + 11, 3*z - j = -v. Suppose -6*q + 2*q = -z. What is the units digit of q?
5
What is the tens digit of (-4)/(-10) + 3 + 1346/10?
3
Suppose -w + 2 = -2. Suppose 145 = m + w*m. Let c = m + -20. What is the units digit of c?
9
Let f = -14 + 10. Suppose 1 = -4*a + m, -3 - 1 = a + m. Let u = a - f. What is the units digit of u?
3
Suppose -4*y + 3*l = 9, -y - 4*l + 12 = 3*y. Suppose -3*i = -y*i - 42. What is the tens digit of i?
1
Let u(n) be the first derivative of n**4/4 - 10*n**3/3 + n**2 - 8*n - 2. What is the tens digit of u(10)?
1
Suppose 9 = -2*y - 1. Let f(w) = -3*w**3 + 5*w**2 - 3 - 3*w + 4*w**3 + 2*w. What is the units digit of f(y)?
2
Suppose 0 = -3*u + 4 + 8. Let p(w) = -w**2 + 4*w + 5. What is the units digit of p(u)?
5
Let m be (11/22)/(2/4). What is the units digit of 441/18 - m/(-2)?
5
Let d(g) = g**2 + 6*g + 5. Let u be d(-6). Let b = u + -2. What is the units digit of b?
3
Suppose 4*a = 3*k + 13, 4*k + k = -3*a - 12. Let c be 49 + ((-2)/a - 0). Suppose 5*p + 4*u - c = 0, 3*p - 24 = -u - 0. What is the units digit of p?
7
Suppose 7*k = 210 + 49. What is the tens digit of k?
3
Suppose 0 = -3*g + 5*o - 0 + 35, -3*g + 11 = o. Let l = 8 - g. Suppose -f + 2*f = l. What is the units digit of f?
3
Suppose 2*n - 6*n + 29 = -5*v, -3*n - 3*v - 12 = 0. What is the units digit of (-2)/(n - (-33)/(-30))?
0
Let q(j) = -6*j + 3. Suppose n = -2*n - 9. What is the tens digit of q(n)?
2
Let n = -67 - -103. Suppose -3*a = 12 - n. Suppose -2*r + 3*b = -a + 2, 4 = 2*b. What is the units digit of r?
6
Let a = 348 + -237. What is the hundreds digit of a?
1
Let t(i) = -i**2 + 2*i + 4. What is the units digit of t(3)?
1
Suppose 10*s - 630 = 4*s. What is the tens digit of s?
0
Let v(y) = 11*y**2 + 8. What is the hundreds digit of v(-3)?
1
Suppose 2*y + 4*b = 62, -3*y = -y - 2*b - 44. What is the tens digit of y?
2
Let l(d) be the third derivative of d**6/120 + 11*d**5/60 + 3*d**4/8 + d**3/6 + 3*d**2. What is the units digit of l(-10)?
1
Let y = -10 - 5. Let f be 42/(-5) + (-6)/y. Let w = f + 17. What is the units digit of w?
9
Let g be (-4)/(-8)*-2 - -5. Suppose -g = u - 6. What is the units digit of u?
2
Suppose -4*a + 194 = -2*d + 3*d, 4*a - 204 = 4*d. What is the tens digit of a?
4
Suppose 755 = 3*j + 3*m + m, -2*j + 502 = 4*m. What is the tens digit of j?
5
Let g(d) = d**3 - 13*d**2 + 2*d + 18. What is the units digit of g(14)?
2
Suppose -1052 = -3*j - j. What is the hundreds digit of j?
2
What is the tens digit of (-1 - 0)*(-26 - 4)?
3
Let j(b) = 3*b**2 - 2*b + 2. Let z be j(-3). Let s = z - 15. What is the units digit of s?
0
Let l(s) = -10 - 6 + 2 - 3*s. What is the units digit of l(-10)?
6
Suppose -5*c + n = 5*n - 36,